(base 15) to base 7.
261451
3a975 (base 11) to base 2
1110010000100100
Convert 153130510 (base 6) to base 3.
20002011020220
What is 73515217 (base 8) in base 4?
323221222033
-2573a (base 16) to base 3
-21210102120
What is -45524552 (base 6) in base 7?
-14601503
What is 1007bb (base 12) in base 3?
110200220122
What is 111110101100100010001 (base 2) in base 13?
56c141
302022120 (base 6) to base 3
100122220012210
207778 (base 9) to base 10
123839
-12a537 (base 13) to base 11
-289061
What is -1000011 (base 2) in base 13?
-52
Convert -1323a9 (base 15) to base 9.
-1650356
Convert 100101111001110 (base 2) to base 10.
19406
Convert 149b9 (base 13) to base 15.
b867
Convert 412040 (base 9) to base 10.
244251
What is 200324200 (base 5) in base 2?
11000001011101101001
-5b06d6 (base 14) to base 16
-2f8064
Convert -21102121323 (base 4) to base 14.
-4753bd
2227247 (base 8) to base 16
92ea7
Convert 52e90 (base 16) to base 11.
212168
3e40a2 (base 15) to base 16
2dc8cf
What is 1000110111110010000011111 (base 2) in base 8?
106762037
Convert -2324044 (base 5) to base 14.
-11647
What is 201656 (base 7) in base 16?
85f4
What is b64 (base 16) in base 15?
ce6
Convert -2210342 (base 5) to base 15.
-b4d2
Convert 6573560 (base 10) to base 5.
3140323220
What is 10000021011 (base 3) in base 11?
40567
-125788 (base 9) to base 16
-12aaf
Convert 31a40 (base 12) to base 4.
33332100
Convert 3623c (base 15) to base 9.
282723
-572c6b (base 15) to base 4
-33313310201
Convert -121155013 (base 7) to base 12.
-2647061
Convert -63726610 (base 8) to base 16.
-cfad88
-22661 (base 13) to base 3
-10011212212
Convert 1000000110001001001 (base 2) to base 14.
6c973
1101001011000000000011 (base 2) to base 11
1a49269
Convert 576b9 (base 12) to base 14.
307b7
Convert -200202000222 (base 3) to base 12.
-159598
What is -73887 (base 9) in base 2?
-1011111011001001
b71e5 (base 15) to base 5
122042230
-582e (base 15) to base 3
-221200022
Convert 565601 (base 7) to base 16.
18863
-112000020201 (base 3) to base 16
-4351f
-10001102210212 (base 3) to base 8
-6141127
Convert 1f0f3 (base 16) to base 8.
370363
13403224 (base 5) to base 9
230185
Convert 1041111321 (base 6) to base 16.
abb701
-31982 (base 10) to base 13
-11732
Convert 22010200201220 (base 3) to base 12.
1546550
Convert -96b48 (base 13) to base 14.
-71274
What is -2b287d (base 14) in base 12?
-607213
What is -2a2e81 (base 16) in base 5?
-1201430132
What is 20523356 (base 7) in base 4?
12220012310
What is -94091 (base 14) in base 12?
-152613
What is -165262 (base 8) in base 13?
-21469
-1011100100101001100101 (base 2) to base 9
-5633408
Convert -384667 (base 9) to base 6.
-4555054
Convert -6320724 (base 8) to base 14.
-31a27a
1236958 (base 10) to base 14
242b02
Convert 432212424 (base 5) to base 15.
263c29
Convert -2011010022 (base 3) to base 2.
-1010010110000011
What is 3894049 (base 12) in base 16?
aa0439
What is 38b15 (base 16) in base 11?
149513
43001641 (base 7) to base 15
4c0c5a
Convert -222212223 (base 4) to base 2.
-101010100110101011
What is -1002012010221 (base 3) in base 15?
-b538d
Convert -910679 (base 14) to base 8.
-22473363
-2112112110222 (base 3) to base 12
-550808
What is -2258685 (base 10) in base 12?
-90b139
What is 11100111111100101 (base 2) in base 12?
58885
-1414461 (base 7) to base 13
-67c8c
6173296 (base 11) to base 14
1639428
-367649 (base 12) to base 9
-1586463
-6432 (base 13) to base 10
-13899
Convert -12b277 (base 12) to base 11.
-1a1748
Convert 5234 (base 6) to base 3.
1121111
-a7445 (base 11) to base 8
-461144
11111101010001110100 (base 2) to base 14
1d0100
Convert -e64a8e (base 15) to base 12.
-3801398
What is 10200413 (base 5) in base 2?
10100101000000011
What is -1022311 (base 6) in base 10?
-49795
-12202121022201 (base 3) to base 4
-23223233230
-609352 (base 10) to base 13
-184483
2b018 (base 16) to base 4
223000120
Convert -177177 (base 14) to base 10.
-826245
Convert -256bc (base 16) to base 15.
-30636
What is 1214766 (base 8) in base 11?
209203
112223442 (base 5) to base 16
7c05d
Convert -eb480 (base 16) to base 8.
-3532200
Convert -50b5a (base 12) to base 13.
-38c38
Convert -1122100110022 (base 3) to base 14.
-18a1b3
What is 25415501 (base 6) in base 4?
3021312331
Convert -1060603 (base 7) to base 4.
-200110000
100131031021 (base 4) to base 8
20351511
What is -103202303010 (base 4) in base 6?
-301450500
Convert -310322000 (base 4) to base 12.
-a54a8
Convert 41014341 (base 5) to base 3.
121201210000
dea76 (base 15) to base 3
1022221211110
What is -111011100001001000100 (base 2) in base 4?
-13130021010
What is 2291163 (base 14) in base 8?
76702243
What is -220011200100 (base 3) in base 12?
-1ab423
11002100020211 (base 3) to base 13
5b0744
Convert 1f3d70 (base 16) to base 3.
10212000102120
2046033 (base 7) to base 5
30400414
5035333 (base 6) to base 9
402883
Convert -241100041 (base 5) to base 8.
-4174711
44322344 (base 6) to base 15
1b4dc1
Convert 552254 (base 10) to base 13.
1644a1
What is -1535111 (base 7) in base 4?
-303123203
Convert -1522163 (base 11) to base 15.
-368050
What is -21123131012 (base 4) in base 5?
-1113044000
What is -632ba (base 16) in base 12?
-1770a2
7b7bd (base 14) to base 8
1113133
-a3a9 (base 13) to base 8
-54130
Convert -45765 (base 9) to base 13.
-10b74
Convert 239122b (base 12) to base 5.
3232012024
What is 11100101100011101000 (base 2) in base 13?
26bc90
Convert -b1880 (base 12) to base 6.
-4541440
Convert -1d4a23c (base 14) to base 7.
-235654205
What is 1021042 (base 5) in base 3?
212100110
What is -5078111 (base 11) in base 13?
-1b21437
100110011110101110 (base 2) to base 7
1224342
-700816 (base 9) to base 13
-116598
What is 1000010001110010001100 (base 2) in base 13?
5ac92a
What is -de2c5 (base 15) in base 2?
-10101100010111011010
Convert -6966 (base 10) to base 15.
-20e6
-20011010102012 (base 3) to base 9
-6133365
-3273705 (base 8) to base 4
-3113133011
-2b44a (base 15) to base 5
-13424340
-282e9 (base 15) to base 16
-1f797
2143212 (base 6) to base 13
3991a
11110010000001000 (base 2) to base 15
26aac
14782166 (base 9) to base 16
708d23
Convert -2021e9 (base 15) to base 4.
-11310202320
Convert -2d889 (base 15) to base 8.
-437156
What is 437886 (base 13) in base 6?
54010240
Convert -34bc6 (base 13) to base 7.
-551214
-1736131 (base 9) to base 15
-14216a
What is 6c9c6 (base 16) in base 2?
1101100100111000110
Convert 26312542 (base 7) to base 4.
21023211223
What is -1022121202020122 (base 3) in base 13?
-3bca473
100011110000001000000 (base 2) to base 4
10132001000
39558 (base 16) to base 12
b3aa0
Convert 27504 (base 12) to base 15.
11147
-473a4 (base 15) to base 13
-7c3c0
Convert 2737660 (base 8) to base 2.
10111011111110110000
-6164633 (base 7) to base 4
-2310113231
Convert 91978 (base 13) to base 15.
52461
What is -20212010212222 (base 3) in base 8?
-15715435
428239 (base 10) to base 14
b20c7
11421441 (base 6) to base 10
360673
What is -85a332 (base 13) in base 5?
-1300320132
What is -40653046 (base 7) in base 3?
-20102011000021
Convert 21311131223 (base 4) to base 16.
27576b
What is 5422432 (base 8) in base 7?
15223111
-35703102 (base 8) to base 7
-123403120
Convert -3a010a7 (base 11) to base 12.
-23a0581
What is 1210204112 (base 5) in base 6?
140232122
What is -257695 (base 12) in base 9?
-1135735
Convert -10122012220211 (base 3) to base 2.
-111010111111111000001
Convert -534240 (base 8) to base 16.
-2b8a0
-1110111001101001101 (base 2) to base 7
-4102345
What is 130222214 (base 5) in base 2?
10011010011111101001
Convert 1881b99 (base 13) to base 2.
11110101000011001111111
1210222 (base 9) to base 12
277962
What is -35e2dd (base 15) in base 16?
-275ad6
Convert -227546 (base 10) to base 9.
-376118
What is 274464 (base 8) in base 4?
113210310
What is 1030433 (base 5) in base 6?
213322
Convert 73a367 (base 11) to base 6.
41222122
What is -56701751 (base 8) in base 12?
-4147835
Convert -5acdb (base 16) to base 15.
-75306
Convert -1740731 (base 8) to base 16.
-7c1d9
-e63a3 (base 16) to base 7
-11005206
26d96 (base 15) to base 2
11110011010010110
Convert 1310023012 (base 4) to base 2.
1110100001011000110
13031100310 (base 4) to base 6
104254524
246402120 (base 7) to base 4
323200001031
21111241 (base 6) to base 4
2112113221
What is 20520554 (base 6) in base 2?
10010010110111010